 5*b - 6. Determine i(s).
5
Let x(k) = k**3 - 15*k**2 + 15*k - 11. Let t be (44/55)/((-2)/(-35)). What is x(t)?
3
Let b(l) = 23*l. Let g = 9 + -28. Let t(j) = -114*j. Let n(o) = g*b(o) - 4*t(o). What is n(-1)?
-19
Let h(w) = -24*w**2 + 11*w**2 + 7*w + 2*w + 6*w**2 + 12 + 8*w**2. Calculate h(-6).
-6
Let j(i) be the first derivative of -2*i**2 - 2*i - 153. Give j(-1).
2
Suppose 6*f - 1658 + 1622 = 0. Let j(q) = -6*q. What is j(f)?
-36
Let u(x) = -x**2 - 7. Let q = 63 - 60. Suppose -5*w + 2 = v, q = -2*w + 2*v - 1. Give u(w).
-7
Let d(o) be the first derivative of 5/2*o**2 - 1/3*o**3 + 9*o - 1. Let i be (-14)/5*65/(-26). Determine d(i).
-5
Let v be (3/(-1))/(258/688). Let j(l) = 2*l**2 + 17*l + 13. What is j(v)?
5
Let v(x) = 19*x - 2. Let u(t) = 90*t + 0 - 23*t - 3 - 38*t. Let r(f) = -5*u(f) + 7*v(f). Give r(1).
-11
Let i(n) = n**3 + 4*n**2 + 2*n. Let v(u) = -24*u**3 + 36*u**2 + 19*u + 2. Let p(z) = -9*i(z) + v(z). Calculate p(-1).
34
Let x(w) = 5*w + 2 - 6*w**2 + 27*w**2 - 12*w**2 - 10*w**2. Give x(-4).
-34
Let j(u) = 3*u - 12*u**2 - 3*u - 11*u**2 - 1 - u + 25*u**2. Determine j(2).
5
Let n(y) be the third derivative of y**6/360 - y**4/24 - 3*y**3 - 5*y**2. Let p(d) be the first derivative of n(d). What is p(0)?
-1
Let b(g) = 5*g**3 + 9*g**2 + 4. Let n(m) = m**3 + 2*m**2 + 1. Let w(v) = b(v) - 4*n(v). Determine w(-2).
-4
Let h(b) = 1 + 2*b + 4 - 3*b + 3*b + 7. Give h(-5).
2
Let r(b) = 3*b**2 + b - 2. Let c(v) = 11*v - 10. Let h be c(3). Let g = -21 + h. Give r(g).
12
Let f(j) = -7*j + 26. Suppose -12 = 5*x - 8*x. Let z be f(x). Let t(o) = -o**2 - 2*o - 3. Calculate t(z).
-3
Let o(q) = q - 3. Let u be o(2). Let l(r) be the first derivative of -14*r**3/3 - r + 134. Determine l(u).
-15
Let c(h) = -h - 11. Let t be c(-12). Let f(w) = -w**2 - 2*w - t + 4 - 2*w + w**3. Let b(i) = -i + 8. Let y be b(6). What is f(y)?
-1
Let s(f) = f**3 - 6*f**2 + 2*f - 6. Let z(k) = -k + 21. Let r be z(13). Suppose 3*u - r*u + 140 = 0. Suppose -2*v - 2*t - 14 = -5*v, 2*t = -4*v + u. Give s(v).
6
Let g be (-8)/12*(-3 + -3). Let j(n) = n + 1 - n - g + n. What is j(6)?
3
Suppose 4*d - 16 = 3*g, -20 = -10*g + 9*g - 5*d. Let l(k) be the second derivative of k + g + 1/6*k**3 + 7*k**2. What is l(-6)?
8
Let t(u) be the second derivative of 0 + 1/4*u**4 + 14*u - 1/2*u**3 - 3/2*u**2. Give t(-2).
15
Let j = -50 - -53. Let k(y) = -5*y - 1 + 3 + j*y + 5*y. Suppose -c - 3*u - 14 = 0, 0*c - 4 = -4*c + 3*u. Give k(c).
-4
Let o(l) = 5*l**3 - 6*l**2 + 2*l + 3. Let j = 2 + 2. Let v(s) = -6*s**3 + 6*s**2 - s - 3. Let x(r) = j*v(r) + 5*o(r). What is x(5)?
8
Suppose -4*o - 123 = -4*z - 3, 60 = 2*z + 5*o. Let c = -21 + z. Let b(g) = -g + 9. Let j be b(c). Let h(m) = m**2 - m - 6. Calculate h(j).
-6
Let p = 29 - 27. Let o(d) = 6*d**2 - 5*d**p - 2*d**2 + 3*d. What is o(-3)?
-18
Let n(c) = -c**3 + 4*c**2 - 3*c. Let o = 64 + -67. Let q be 6 + (-2 - (7 + -3 + o)). Give n(q).
0
Let g(m) be the second derivative of 7*m**6/720 - 7*m**4/4 - 11*m. Let d(f) be the third derivative of g(f). Give d(-1).
-7
Let n(d) = -5570*d + 5569*d - 6 - 4. Suppose 5*f = 41 - 1. Let m = f + -13. Give n(m).
-5
Let z = -112 + 109. Let k(c) = c + 8. What is k(z)?
5
Let g(x) = -x**3 + 2*x**2 + 4*x - 2. Let u(z) = z**2 - 3*z + 4. Let w be u(1). Let m be (7 - 11 - -5)/(w/6). What is g(m)?
1
Let l(f) = f**3 - 6*f**2 - 7*f - 5. Let h(j) = -j**2 - 15*j + 7. Let k(u) = u. Let d(x) = h(x) + 6*k(x). Let y be d(-7). Let b be (3 - 4)*y/(-3). What is l(b)?
-5
Let j = 3 + -4. Let m(h) be the second derivative of -h**5/40 - 3*h**3/2 + h**2/2 - 52*h. Let q(f) be the second derivative of m(f). Calculate q(j).
3
Let u be 51/12 - 2/8. Suppose -u - 6 = -2*d. Let y(f) = -2 + 9*f - 3 + 8 - 10*f. What is y(d)?
-2
Suppose 30 = -0*j + 2*j. Suppose 4 + 9 = -2*x - 5*n, -j = -3*x + 4*n. Let o be ((-6)/(-15))/(x/(-5)). Let q(d) = d**3 + 3*d**2 + d - 2. Give q(o).
0
Suppose 0 = -11*m + 12*m. Let f(z) = -1 + z - z + 3*z + m. Calculate f(2).
5
Suppose -w + 10 = 4*w. Suppose -9 = -w*a - a. Let k(h) = -h - 2*h + a + 4*h. What is k(0)?
3
Let l = -52 + 54. Let g(w) = 0*w - 4 + 2*w - w - l*w. Give g(5).
-9
Let s(n) = 2*n - 13. Let q(f) = f - 12. Let u(z) = 5*q(z) - 4*s(z). Let b(h) = 8*h + 2. Let g = 6 + -7. Let d be b(g). Determine u(d).
10
Let m = 91 - 98. Let g(b) = b**3 + 7*b**2 - 2. Determine g(m).
-2
Let x(p) = 10*p**2 - p. Let f(c) = 4 + 8*c + 17*c - 6*c. Let b be f(5). Let g be (-11)/9 - (-22)/b. Calculate x(g).
11
Let b(j) = j - 3. Let r(w) = 6*w - 11. Let z(o) = 3*b(o) - r(o). Let k = 0 - -2. Determine z(k).
-4
Let i = 2 - 5. Let a(c) = -6*c**2 + 4*c - 9. Let r(n) = 3*n**2 - 2*n + 4. Let h(t) = i*a(t) - 7*r(t). Let q be (-14)/(-18) + ((-4)/9)/(-2). Calculate h(q).
-2
Let t(s) = -10*s**2 + 4 + 4*s - 4*s**2 - 12*s**2 - 13*s**2 + 46*s**2. Determine t(-2).
24
Let m(g) be the second derivative of 1/6*g**3 - 9*g + 0 + 0*g**2. Determine m(7).
7
Let b(t) = -t**3 - 6*t**2 - 3*t - 5. Let i be b(-6). Let w = i - 12. Let l(p) = -2*p - 1. What is l(w)?
-3
Let o(m) = -15*m - 101. Let n(w) = -17*w + 350. Let l be n(21). Determine o(l).
4
Suppose 2 = 2*n - 2. Let l(x) = 4 + 5*x**3 - 4*x**3 - 9*x - 3*x**n + x**2 - 5*x**2. Let t be (28 + -30)/(1 + (-5)/4). Calculate l(t).
-4
Suppose 0 = g - 1, 0 = -0*u + 3*u + g - 7. Let a be ((-30)/(-27))/(-5) - u/(-9). Let s(z) = 9 - 3*z**2 + z**3 + 4*z**2 - 4. Give s(a).
5
Let a = -36 - -54. Let n be (-4)/a + (-2)/(-9). Suppose z - 1 + 3 = n, -4*z - 1 = -j. Let y(w) = w + 2. What is y(j)?
-5
Let f(y) be the third derivative of -y**6/120 - y**5/20 + y**4/12 + 3*y**2 + 4*y. What is f(-4)?
8
Let x(z) = z**2 - 7*z + 3. Suppose -5*i - 3 = 17, 0 = -w + 4*i - 7. Let q be 3/(-5) - w/5. Determine x(q).
-9
Let y(x) = -7*x**3 + 8*x**2 - 2*x + 1. Let q(f) = -3*f**3 + 4*f**2 - f. Let p(v) = 5*q(v) - 2*y(v). Determine p(3).
4
Let u be 44/(-11) - (14*-1)/2. Let h(w) be the first derivative of w**4 - w**3/3 + w**2/2 + 2. Let r(v) = v**3 + v + 1. Let c(g) = h(g) - 3*r(g). Give c(u).
9
Suppose -42 = 10*n + 8. Let a(i) = -i - 2*i + 0*i - 6 + 1. Calculate a(n).
10
Let k(f) be the third derivative of 0*f + 4*f**2 + 1/60*f**5 - 1/6*f**4 + 1/6*f**3 + 0. Let j(l) = l + 16. Let p be j(-13). What is k(p)?
-2
Let s be -11 - -14 - (3 + -1). Let l(j) = -3. Let i(c) = -c**2 - c + 1. Let m(p) = s*i(p) + l(p). Give m(-2).
-4
Let g(b) = 2*b**2 + 3*b + 5. Let r be g(-3). Suppose -20 = 3*y - r. Let z(o) = o + 1. What is z(y)?
-1
Suppose -2*b - 300 = -4*k, -4*k - k = -3*b - 374. Let w be k/(-13) - (-12)/(-78). Let m(g) = g + 2. Calculate m(w).
-4
Let j(h) = 5 - 84*h + 2 + 46*h + 39*h. Determine j(0).
7
Suppose 0 = -4*t - 3*q - 3, -2*t - 5*q - 31 = -12. Let o(w) = -3*w**3 - w**t + 0*w**3 - w**3. Determine o(1).
-5
Let p(f) be the second derivative of 0*f**2 + 5/6*f**3 + 0 - 3*f. Suppose -8*x = -10*x + 2. What is p(x)?
5
Let u = -112 + 295. Let p(h) = u*h**2 - 99*h**2 - h**3 + 12 + h - 94*h**2. Give p(-10).
2
Let b = 53 - 56. Let w(t) = -63 + 4*t + 5*t + 61 - 5*t + t**2. Calculate w(b).
-5
Let b(h) = 2*h. Let a be b(-1). Let j be -2*5 + -35 + 38. Let v = j - a. Let g(w) = w**3 + 4*w**2 - 4*w + 4. What is g(v)?
-1
Let z(t) = -7*t**2 + 2*t - 6. Let c be z(2). Let a = c - -29. Let d(i) = -3*i**2 - 1 - 3*i + 2*i**2 - 12*i**3 + 2*i. What is d(a)?
11
Let o(h) = h**2 + 9*h - 13. Suppose -71*x = -218 + 928. Give o(x).
-3
Let s(g) = -3*g - 8 + 4*g - 2*g. Let a(z) = -5*z - 40. Let y(j) = -2*a(j) + 11*s(j). What is y(0)?
-8
Let m(f) be the first derivative of -5*f**2/2 + 34*f - 58. Calculate m(8).
-6
Let g be (2 - (-4 - -7))/(2/(-10)). Let o(q) = 19*q + q**2 + 2 - 11 - 22*q. Let f be o(g). Let v(y) = 2*y. Give v(f).
2
Suppose 3 = -2*z + 11. Let o(c) = 14*c**2 - 9*c**2 - 4 - z*c**2 + c. Give o(-5).
16
Let m(k) = k**2 + 28*k + 2. Let l be m(-28). Let s(j) be the third derivative of -j**4/3 + j**3/2 + 2*j**2. Determine s(l).
-13
Let z = -80 - -80. Let j(w) = -w**3 - w - 4. Give j(z).
-4
Let b(z) = z. Let w = 2 + 3. Let k be (5/(-4))/(w/(-20)). Suppose j + j - 5*o = k, -j + 4 = -4*o. Give b(j).
0
Let m(x) = 58*x**3 + x**2 - 3 + 3*x**2 + 3*x - 57*x**3. Suppose 3*g + 21 = -4*v, -4*g = -2*v - 5*g - 9. Let j = -6 - v. Calculate m(j).
-3
Let h = 8 - 8. Let j be 2 - (-2 + h - -5). Let g be j/(2 + -3 + 2). Let m(b) = 5*b**3 + b**2 + b + 1. Determine m(g).
-4
Let f be 30/(-20) + 18/4.